{"id":7,"date":"2022-05-25T17:23:39","date_gmt":"2022-05-25T15:23:39","guid":{"rendered":"http:\/\/mifa-epicerie.fr\/?page_id=7"},"modified":"2022-05-25T18:32:06","modified_gmt":"2022-05-25T16:32:06","slug":"about","status":"publish","type":"page","link":"https:\/\/mifa-epicerie.fr\/index.php\/about\/","title":{"rendered":"MIFA Epicerie"},"content":{"rendered":"\n<p>MIFA, c&#8217;est 3 commerces en 1 :  Epicerie Fine &#8211; Traiteur &#8211; Conserverie!<\/p>\n\n\n\n<p>Une Epicerie fine avec une large s\u00e9lection de produits de nos r\u00e9gions, r\u00e9alis\u00e9s par des artisans passionn\u00e9s, dans le respect des traditions, des terres et des animaux. <\/p>\n\n\n\n<p>Un Traiteur. Nous pr\u00e9parons des plats cuisin\u00e9s pour le midi ou le soir, mais aussi des incontournables comme le p\u00e2t\u00e9 en cro\u00fbte, le feuillet\u00e9 jambon, des salades de crudit\u00e9s et plein d&#8217;autres d\u00e9lices.<\/p>\n\n\n\n<p>Une Conserverie Artisanale.  Des bocaux pr\u00e9par\u00e9s dans notre cuisine de Levallois, \u00e0 partir de produits frais, sans conservateurs, sans colorants, sans ar\u00f4mes artificielles. Des recettes simples mais cuisin\u00e9s avec amour par notre Chef Nicolas.<\/p>\n\n\n\n<p class=\"has-text-align-center\"><strong>MIFA facilite le quotidien.<\/strong><\/p>\n\n\n\n<p><br>.<\/p>\n","protected":false},"excerpt":{"rendered":"<p>MIFA, c&#8217;est 3 commerces en 1 : Epicerie Fine &#8211; Traiteur &#8211; Conserverie! Une Epicerie fine avec une large s\u00e9lection de produits de nos r\u00e9gions, r\u00e9alis\u00e9s par des artisans passionn\u00e9s, dans le respect des traditions, des terres et des animaux. Un Traiteur. Nous pr\u00e9parons des plats cuisin\u00e9s pour le midi ou le soir, mais aussi [&hellip;]<\/p>\n","protected":false},"author":1,"featured_media":0,"parent":0,"menu_order":0,"comment_status":"closed","ping_status":"closed","template":"","meta":[],"_links":{"self":[{"href":"https:\/\/mifa-epicerie.fr\/index.php\/wp-json\/wp\/v2\/pages\/7"}],"collection":[{"href":"https:\/\/mifa-epicerie.fr\/index.php\/wp-json\/wp\/v2\/pages"}],"about":[{"href":"https:\/\/mifa-epicerie.fr\/index.php\/wp-json\/wp\/v2\/types\/page"}],"author":[{"embeddable":true,"href":"https:\/\/mifa-epicerie.fr\/index.php\/wp-json\/wp\/v2\/users\/1"}],"replies":[{"embeddable":true,"href":"https:\/\/mifa-epicerie.fr\/index.php\/wp-json\/wp\/v2\/comments?post=7"}],"version-history":[{"count":2,"href":"https:\/\/mifa-epicerie.fr\/index.php\/wp-json\/wp\/v2\/pages\/7\/revisions"}],"predecessor-version":[{"id":32,"href":"https:\/\/mifa-epicerie.fr\/index.php\/wp-json\/wp\/v2\/pages\/7\/revisions\/32"}],"wp:attachment":[{"href":"https:\/\/mifa-epicerie.fr\/index.php\/wp-json\/wp\/v2\/media?parent=7"}],"curies":[{"name":"wp","href":"https:\/\/api.w.org\/{rel}","templated":true}]}}